 3) to base 8.
-17
-7 (base 11) to base 12
-7
Convert 7 (base 11) to base 15.
7
-2110 (base 3) to base 14
-4a
Convert 22 (base 6) to base 12.
12
-20 (base 10) to base 15
-15
What is -12 (base 5) in base 3?
-21
What is -15 (base 6) in base 15?
-b
Convert -7c (base 15) to base 12.
-99
Convert -3 (base 7) to base 3.
-10
What is 2122 (base 3) in base 12?
5b
Convert -12 (base 10) to base 9.
-13
What is 63 (base 13) in base 7?
144
What is -210 (base 3) in base 9?
-23
6 (base 7) to base 15
6
10 (base 2) to base 9
2
Convert -1100 (base 2) to base 15.
-c
What is 5 (base 12) in base 5?
10
-356 (base 7) to base 15
-c8
-1 (base 12) to base 16
-1
-aa (base 14) to base 12
-106
What is 69 (base 10) in base 12?
59
Convert 28 (base 16) to base 12.
34
6 (base 16) to base 11
6
-8 (base 13) to base 9
-8
What is -5 (base 9) in base 8?
-5
0 (base 12) to base 9
0
111 (base 2) to base 10
7
What is 45 (base 14) in base 5?
221
-1 (base 9) to base 16
-1
4 (base 15) to base 8
4
What is 13 (base 13) in base 9?
17
14 (base 11) to base 4
33
-10 (base 10) to base 2
-1010
What is -16 (base 12) in base 10?
-18
What is 1 (base 10) in base 12?
1
-1 (base 15) to base 12
-1
Convert -110 (base 2) to base 11.
-6
What is 42 (base 14) in base 13?
46
What is 106 (base 9) in base 5?
322
What is 0 (base 5) in base 7?
0
4 (base 6) to base 3
11
What is 47 (base 15) in base 16?
43
0 (base 4) to base 15
0
What is -222 (base 3) in base 2?
-11010
Convert -210 (base 3) to base 8.
-25
Convert 100101101 (base 2) to base 9.
364
Convert 4 (base 14) to base 10.
4
Convert -3 (base 8) to base 6.
-3
What is 36 (base 8) in base 3?
1010
Convert 41 (base 6) to base 4.
121
Convert 21 (base 5) to base 11.
10
What is -21 (base 12) in base 10?
-25
Convert 4 (base 12) to base 15.
4
Convert 101 (base 11) to base 15.
82
What is -11 (base 2) in base 15?
-3
Convert 10 (base 3) to base 4.
3
What is -a9 (base 16) in base 13?
-100
What is -20c (base 14) in base 5?
-3104
Convert -10 (base 7) to base 9.
-7
What is -7 (base 14) in base 3?
-21
What is -e (base 16) in base 4?
-32
4b (base 15) to base 12
5b
What is 504 (base 6) in base 13?
112
What is -12 (base 8) in base 10?
-10
Convert -31 (base 4) to base 16.
-d
Convert -153 (base 9) to base 13.
-9c
What is 5 (base 7) in base 15?
5
-1 (base 3) to base 2
-1
-36 (base 11) to base 9
-43
What is -10111011 (base 2) in base 8?
-273
What is -11 (base 2) in base 14?
-3
Convert 1211 (base 3) to base 12.
41
12 (base 8) to base 7
13
What is -82 (base 13) in base 6?
-254
What is -1 (base 11) in base 9?
-1
Convert 102 (base 6) to base 12.
32
What is 1 (base 10) in base 16?
1
5 (base 11) to base 14
5
1b (base 12) to base 14
19
What is 1000 (base 5) in base 9?
148
Convert 0 (base 2) to base 14.
0
1 (base 10) to base 5
1
7 (base 13) to base 8
7
Convert -145 (base 16) to base 12.
-231
-25 (base 9) to base 16
-17
-13 (base 10) to base 8
-15
-8 (base 16) to base 3
-22
Convert -a (base 16) to base 2.
-1010
Convert -2 (base 5) to base 8.
-2
Convert -144 (base 7) to base 3.
-10000
-35 (base 7) to base 13
-20
Convert 2 (base 8) to base 6.
2
Convert 3 (base 15) to base 16.
3
121 (base 16) to base 6
1201
What is -2d (base 15) in base 7?
-61
-13 (base 15) to base 3
-200
11011 (base 2) to base 10
27
Convert a (base 11) to base 2.
1010
100 (base 4) to base 11
15
Convert -7 (base 15) to base 4.
-13
Convert 13 (base 6) to base 15.
9
Convert 2 (base 3) to base 14.
2
37 (base 9) to base 10
34
What is -1 (base 6) in base 16?
-1
What is -1 (base 5) in base 4?
-1
-10111 (base 2) to base 10
-23
-110222 (base 3) to base 2
-101011110
13 (base 7) to base 4
22
23 (base 7) to base 3
122
Convert -1 (base 10) to base 4.
-1
Convert -51 (base 9) to base 13.
-37
Convert -2 (base 11) to base 12.
-2
What is 32 (base 7) in base 4?
113
Convert -4 (base 9) to base 2.
-100
1011111 (base 2) to base 6
235
Convert -2 (base 16) to base 12.
-2
1a (base 14) to base 13
1b
Convert -11 (base 10) to base 2.
-1011
Convert 41 (base 8) to base 13.
27
-21 (base 8) to base 4
-101
Convert -129 (base 14) to base 3.
-22122
Convert 200 (base 4) to base 5.
112
-2 (base 10) to base 9
-2
What is -17 (base 9) in base 10?
-16
-9 (base 10) to base 3
-100
Convert 100110 (base 2) to base 7.
53
-14 (base 5) to base 8
-11
What is -5 (base 8) in base 10?
-5
Convert -1201 (base 3) to base 8.
-56
What is -7 (base 11) in base 4?
-13
d5 (base 16) to base 10
213
What is 0 (base 15) in base 12?
0
-3 (base 5) to base 6
-3
What is 147 (base 10) in base 8?
223
What is -33 (base 10) in base 9?
-36
What is 328 (base 10) in base 5?
2303
32 (base 5) to base 3
122
4 (base 13) to base 2
100
Convert 1 (base 3) to base 10.
1
Convert 21 (base 4) to base 9.
10
Convert 102 (base 4) to base 9.
20
Convert 4 (base 5) to base 12.
4
Convert -22 (base 4) to base 6.
-14
130 (base 4) to base 2
11100
What is 12 (base 10) in base 2?
1100
-1210 (base 3) to base 11
-44
What is -26 (base 8) in base 15?
-17
Convert 72 (base 9) to base 5.
230
-14 (base 14) to base 11
-17
Convert 103 (base 4) to base 14.
15
What is 66 (base 7) in base 15?
33
What is 0 (base 10) in base 6?
0
Convert 5 (base 11) to base 14.
5
What is -53 (base 11) in base 16?
-3a
Convert -2 (base 7) to base 9.
-2
What is 64 (base 7) in base 3?
1201
Convert 11 (base 4) to base 16.
5
-2 (base 11) to base 13
-2
1b (base 16) to base 11
25
1 (base 4) to base 8
1
What is -12 (base 3) in base 7?
-5
11001011 (base 2) to base 7
410
What is -3 (base 11) in base 14?
-3
Convert -4 (base 11) to base 16.
-4
What is -89 (base 14) in base 9?
-144
e8 (base 16) to base 8
350
Convert -2 (base 5) to base 13.
-2
-28 (base 12) to base 11
-2a
-34 (base 6) to base 3
-211
What is 0 (base 16) in base 3?
0
What is 2 (base 3) in base 4?
2
What is 0 (base 6) in base 4?
0
8 (base 10) to base 16
8
Convert 22 (base 8) to base 3.
200
What is 1 (base 6) in base 7?
1
Convert 0 (base 7) to base 9.
0
What is -34 (base 11) in base 5?
-122
101010 (base 2) to base 6
110
77 (base 10) to base 16
4d
Convert -214 (base 6) to base 14.
-5c
3 (base 16) to base 10
3
-14 (base 8) to base 15
-c
Convert 12 (base 12) to base 5.
24
Convert 184 (base 9) to base 12.
111
6 (base 8) to base 12
6
What is 6 (base 14) in base 12?
6
Convert -d (base 15) to base 9.
-14
Convert 77 (base 9) to base 14.
50
-c (base 14) to base 15
-c
Convert -14 (base 9) to base 13.
-10
Convert -211 (base 3) to base 9.
-24
3 (base 8) to base 2
11
What is 17 (base 11) in base 4?
102
56 (base 13) to base 14
51
143 (base 7) to base 4
1100
What is -2 (base 3) in base 10?
-2
325 (base 9) to base 15
12b
0 (base 3) to base 6
0
6 (base 7) to base 2
110
-130 (base 6) to base 3
-2000
-10 (base 3) to base 11
-3
What is -144 (base 9) in base 2?
-1111001
What is 3 (base 14) in base 16?
3
What is -11 (base 7) in base 9?
-8
Convert -27 (base 9) to base 4.
-121
Convert -11 (base 16) to base 13.
-14
What is -3 (base 9) in base 4?
-3
Convert 50 (base 9) to base 8.
55
Convert 100 (base 4) to base 15.
11
What is -1b (base 14) in base 9?
-27
Convert -2 (base 6) to base 12.
-2
-25 (base 9) to base 3
-212
-22 (base 9) to base 3
-202
Convert 10000 (base 2) to base 15.
11
Convert 36 (base 13) to base 10.
45
2020 (base 4) to base 5
1021
-5 (base 11) to base 7
-5
-27 (base 12) to base 10
-31
Convert -10 (base 2) to base 3.
-2
Convert 2 (base 8) to base 15.
2
Convert 22 (base 14) to base 11.
28
Convert -106 (base 8) to base 3.
-2121
Convert -11 (base 2) to base 5.
-3
Convert -1ab (base 12) to base 3.
-101012
Convert 14 (base 9) to base 11.
12
1 (base 8) to base 9
1
1 (base 7) to base 12
1
Convert -4b (base 14) to base 7.
-124
-211 (base 3) to base 9
-24
Convert 94 (base 11) to base 3.
10211
What is 4 (base 11) in base 13?
4
Convert 42 (base 6) to base 9.
28
What is -11 (base 5) in base 9?
-6
-37 (base 10) to base 2
-100101
-3 (base 11) to base 9
-3
What is 2 (base 6) in base 13?
2
What is -aa (base 12) in base 15?
-8a
What is -3 (base 5) in base 3?
-10
10 (base 2) to base 8
2
Convert 0 (base 8) to base 3.
0
What is 11001 (base 2) in base 5?
100
What is -101 (base 6) in base 2?
-100101
0 (base 13) to base 15
0
What is -4b (base 15) in base 6?
-155
What is 3 (base 11) in base 16?
3
1 (base 5) to base 2
1
Convert -3 (base 5) to base 10.
-3
9 (base 11) to base 14
9
Convert -22 (base 7) to base 13.
-13
Convert 23 (base 7) to base